{"id":15597,"date":"2024-03-13T09:25:35","date_gmt":"2024-03-13T08:25:35","guid":{"rendered":"https:\/\/www.grupguell.es\/our-history\/"},"modified":"2025-06-27T07:50:16","modified_gmt":"2025-06-27T05:50:16","slug":"our-history","status":"publish","type":"page","link":"https:\/\/www.grupguell.es\/en\/our-history\/","title":{"rendered":"Our history"},"content":{"rendered":"\n<div class=\"wp-block-columns are-vertically-aligned-center is-layout-flex wp-container-core-columns-is-layout-9d6595d7 wp-block-columns-is-layout-flex\">\n<div class=\"wp-block-column is-vertically-aligned-center is-layout-flow wp-block-column-is-layout-flow\">\n<figure class=\"wp-block-image size-full\"><img loading=\"lazy\" decoding=\"async\" width=\"768\" height=\"735\" src=\"https:\/\/www.grupguell.es\/wp-content\/uploads\/2024\/04\/nuestra-historia.png\" alt=\"\" class=\"wp-image-317\" srcset=\"https:\/\/www.grupguell.es\/wp-content\/uploads\/2024\/04\/nuestra-historia.png 768w, https:\/\/www.grupguell.es\/wp-content\/uploads\/2024\/04\/nuestra-historia-300x287.png 300w\" sizes=\"auto, (max-width: 768px) 100vw, 768px\" \/><\/figure>\n<\/div>\n\n\n\n<div class=\"wp-block-column is-vertically-aligned-center is-layout-flow wp-block-column-is-layout-flow\">\n<h3 class=\"wp-block-heading\">In 1974 a group of friends decided to set out on a march.<\/h3>\n\n\n\n<p>On 17th July 1974, a group of friends decided to set out on a march from the now defunct Bar G\u00fcell to the Lluc Monastery to thank the Virgin venerated there &#8211; who is the patron saint of Mallorca &#8211; for the fact that a girl had escaped unharmed in an accident.<\/p>\n\n\n\n<p>One day later, on 18 July 1974, the first march from G\u00fcell to Lluc on foot began, in which around thirty people took part.<\/p>\n<\/div>\n<\/div>\n\n\n\n<div class=\"wp-block-columns are-vertically-aligned-center is-layout-flex wp-container-core-columns-is-layout-9d6595d7 wp-block-columns-is-layout-flex\">\n<div class=\"wp-block-column is-vertically-aligned-center is-layout-flow wp-block-column-is-layout-flow\">\n<h3 class=\"wp-block-heading\">The most popular march in Mallorca.<\/h3>\n\n\n\n<p>In the following five years it was repeated with hardly any increase in the number of walkers, but in 1980, thanks to the fact that the Balearic savings bank Sa Nostra sponsored the event and publicised it massively in the media, the number of participants increased considerably, progressively increasing each year until there are now thousands of people who walk it today.<\/p>\n\n\n\n<p>On 6 August 1993, kilometre zero was inaugurated in front of the old Bar G\u00fcell. The ceremony was attended by the King and Queen of Spain, who gave the starting signal. Since then, it has become the most popular marxa in Mallorca.<\/p>\n<\/div>\n\n\n\n<div class=\"wp-block-column is-vertically-aligned-center is-layout-flow wp-block-column-is-layout-flow\">\n<figure class=\"wp-block-image size-full\"><img loading=\"lazy\" decoding=\"async\" width=\"768\" height=\"735\" src=\"https:\/\/www.grupguell.es\/wp-content\/uploads\/2024\/04\/voluntarios-1.png\" alt=\"\" class=\"wp-image-334\" srcset=\"https:\/\/www.grupguell.es\/wp-content\/uploads\/2024\/04\/voluntarios-1.png 768w, https:\/\/www.grupguell.es\/wp-content\/uploads\/2024\/04\/voluntarios-1-300x287.png 300w\" sizes=\"auto, (max-width: 768px) 100vw, 768px\" \/><\/figure>\n<\/div>\n<\/div>\n\n\n\n<div class=\"wp-block-columns banner-voluntarios voluntarios-hero full-width is-layout-flex wp-container-core-columns-is-layout-9d6595d7 wp-block-columns-is-layout-flex\">\n<div class=\"wp-block-column content-center-wrapper is-layout-flow wp-block-column-is-layout-flow\">\n<h4 class=\"wp-block-heading text-subtitle\">S\u00famate a este proyecto con m\u00e1s de 50 a\u00f1os de historia<\/h4>\n\n\n\n<h3 class=\"wp-block-heading\">Hazte voluntario<\/h3>\n\n\n\n<p>Si estas interesado en ser voluntario. Escr\u00edbenos al correo con tu nombre y n\u00famero de tel\u00e9fono y te contactaremos para el voluntariado.<\/p>\n\n\n\n<div class=\"wp-block-buttons is-layout-flex wp-block-buttons-is-layout-flex\">\n<div class=\"wp-block-button\"><a class=\"wp-block-button__link wp-element-button\" href=\"https:\/\/www.grupguell.es\/voluntarios\/\">Quiero ser voluntario<\/a><\/div>\n<\/div>\n<\/div>\n<\/div>\n\n\n\n<div class=\"wp-block-columns is-layout-flex wp-container-core-columns-is-layout-9d6595d7 wp-block-columns-is-layout-flex\">\n<div class=\"wp-block-column is-layout-flow wp-block-column-is-layout-flow\">\n<h2 class=\"wp-block-heading has-text-align-center\">Descubre todas nuestras novedades<\/h2>\n\n\n<ul class=\"wp-block-latest-posts__list has-dates content-blog-list wp-block-latest-posts\"><li><div class=\"wp-block-latest-posts__featured-image\"><img loading=\"lazy\" decoding=\"async\" width=\"526\" height=\"526\" src=\"https:\/\/www.grupguell.es\/wp-content\/uploads\/2025\/06\/voluntarios-apuntate.jpg\" class=\"attachment-large size-large wp-post-image\" alt=\"\" style=\"\" srcset=\"https:\/\/www.grupguell.es\/wp-content\/uploads\/2025\/06\/voluntarios-apuntate.jpg 526w, https:\/\/www.grupguell.es\/wp-content\/uploads\/2025\/06\/voluntarios-apuntate-300x300.jpg 300w, https:\/\/www.grupguell.es\/wp-content\/uploads\/2025\/06\/voluntarios-apuntate-150x150.jpg 150w, https:\/\/www.grupguell.es\/wp-content\/uploads\/2025\/06\/voluntarios-apuntate-100x100.jpg 100w\" sizes=\"auto, (max-width: 526px) 100vw, 526px\" \/><\/div><a class=\"wp-block-latest-posts__post-title\" href=\"https:\/\/www.grupguell.es\/en\/te-apuntas\/\">Te apuntas?<\/a><time datetime=\"2025-06-16T18:51:09+02:00\" class=\"wp-block-latest-posts__post-date\">16 de June de 2025<\/time><div class=\"wp-block-latest-posts__post-excerpt\"><\/div><\/li>\n<li><div class=\"wp-block-latest-posts__featured-image\"><img loading=\"lazy\" decoding=\"async\" width=\"526\" height=\"395\" src=\"https:\/\/www.grupguell.es\/wp-content\/uploads\/2025\/06\/RCDM-evento-el-16-junio-2025.jpg\" class=\"attachment-large size-large wp-post-image\" alt=\"\" style=\"\" srcset=\"https:\/\/www.grupguell.es\/wp-content\/uploads\/2025\/06\/RCDM-evento-el-16-junio-2025.jpg 526w, https:\/\/www.grupguell.es\/wp-content\/uploads\/2025\/06\/RCDM-evento-el-16-junio-2025-300x225.jpg 300w\" sizes=\"auto, (max-width: 526px) 100vw, 526px\" \/><\/div><a class=\"wp-block-latest-posts__post-title\" href=\"https:\/\/www.grupguell.es\/en\/proximo-18-de-junio\/\">Pr\u00f3ximo 18 de Junio<\/a><time datetime=\"2025-06-16T18:49:27+02:00\" class=\"wp-block-latest-posts__post-date\">16 de June de 2025<\/time><div class=\"wp-block-latest-posts__post-excerpt\"><\/div><\/li>\n<li><div class=\"wp-block-latest-posts__featured-image\"><img loading=\"lazy\" decoding=\"async\" width=\"526\" height=\"526\" src=\"https:\/\/www.grupguell.es\/wp-content\/uploads\/2025\/06\/guella-lluc-a-peu.jpg\" class=\"attachment-large size-large wp-post-image\" alt=\"\" style=\"\" srcset=\"https:\/\/www.grupguell.es\/wp-content\/uploads\/2025\/06\/guella-lluc-a-peu.jpg 526w, https:\/\/www.grupguell.es\/wp-content\/uploads\/2025\/06\/guella-lluc-a-peu-300x300.jpg 300w, https:\/\/www.grupguell.es\/wp-content\/uploads\/2025\/06\/guella-lluc-a-peu-150x150.jpg 150w, https:\/\/www.grupguell.es\/wp-content\/uploads\/2025\/06\/guella-lluc-a-peu-100x100.jpg 100w\" sizes=\"auto, (max-width: 526px) 100vw, 526px\" \/><\/div><a class=\"wp-block-latest-posts__post-title\" href=\"https:\/\/www.grupguell.es\/en\/te-esperamos-del-guell-a-lluc-a-peu\/\">te esperamos del G\u00fcell a Lluc a peu<\/a><time datetime=\"2025-06-16T18:46:41+02:00\" class=\"wp-block-latest-posts__post-date\">16 de June de 2025<\/time><div class=\"wp-block-latest-posts__post-excerpt\"><\/div><\/li>\n<li><div class=\"wp-block-latest-posts__featured-image\"><img loading=\"lazy\" decoding=\"async\" width=\"540\" height=\"282\" src=\"https:\/\/www.grupguell.es\/wp-content\/uploads\/2025\/06\/canal-youtube.jpeg\" class=\"attachment-large size-large wp-post-image\" alt=\"\" style=\"\" srcset=\"https:\/\/www.grupguell.es\/wp-content\/uploads\/2025\/06\/canal-youtube.jpeg 540w, https:\/\/www.grupguell.es\/wp-content\/uploads\/2025\/06\/canal-youtube-300x157.jpeg 300w\" sizes=\"auto, (max-width: 540px) 100vw, 540px\" \/><\/div><a class=\"wp-block-latest-posts__post-title\" href=\"https:\/\/www.grupguell.es\/en\/visita-nuestro-canal-de-youtube\/\">Visita nuestro canal de youtube<\/a><time datetime=\"2025-06-16T18:44:56+02:00\" class=\"wp-block-latest-posts__post-date\">16 de June de 2025<\/time><div class=\"wp-block-latest-posts__post-excerpt\"><\/div><\/li>\n<li><div class=\"wp-block-latest-posts__featured-image\"><img loading=\"lazy\" decoding=\"async\" width=\"526\" height=\"526\" src=\"https:\/\/www.grupguell.es\/wp-content\/uploads\/2025\/06\/club-elsa-junio-2025.jpg\" class=\"attachment-large size-large wp-post-image\" alt=\"\" style=\"\" srcset=\"https:\/\/www.grupguell.es\/wp-content\/uploads\/2025\/06\/club-elsa-junio-2025.jpg 526w, https:\/\/www.grupguell.es\/wp-content\/uploads\/2025\/06\/club-elsa-junio-2025-300x300.jpg 300w, https:\/\/www.grupguell.es\/wp-content\/uploads\/2025\/06\/club-elsa-junio-2025-150x150.jpg 150w, https:\/\/www.grupguell.es\/wp-content\/uploads\/2025\/06\/club-elsa-junio-2025-100x100.jpg 100w\" sizes=\"auto, (max-width: 526px) 100vw, 526px\" \/><\/div><a class=\"wp-block-latest-posts__post-title\" href=\"https:\/\/www.grupguell.es\/en\/paella-solidaria-club-elsa\/\">Paella solidaria Club Elsa<\/a><time datetime=\"2025-06-16T18:42:28+02:00\" class=\"wp-block-latest-posts__post-date\">16 de June de 2025<\/time><div class=\"wp-block-latest-posts__post-excerpt\"><\/div><\/li>\n<\/ul><\/div>\n<\/div>\n","protected":false},"excerpt":{"rendered":"<p>In 1974 a group of friends decided to set out on a march. On 17th July 1974, a group of friends decided to set out on a march from the now defunct Bar G\u00fcell to the Lluc Monastery to thank the Virgin venerated there &#8211; who is the patron saint of Mallorca &#8211; for the [&hellip;]<\/p>\n","protected":false},"author":1,"featured_media":0,"parent":0,"menu_order":0,"comment_status":"closed","ping_status":"closed","template":"","meta":{"inline_featured_image":false,"footnotes":""},"class_list":["post-15597","page","type-page","status-publish","hentry"],"_links":{"self":[{"href":"https:\/\/www.grupguell.es\/en\/wp-json\/wp\/v2\/pages\/15597","targetHints":{"allow":["GET"]}}],"collection":[{"href":"https:\/\/www.grupguell.es\/en\/wp-json\/wp\/v2\/pages"}],"about":[{"href":"https:\/\/www.grupguell.es\/en\/wp-json\/wp\/v2\/types\/page"}],"author":[{"embeddable":true,"href":"https:\/\/www.grupguell.es\/en\/wp-json\/wp\/v2\/users\/1"}],"replies":[{"embeddable":true,"href":"https:\/\/www.grupguell.es\/en\/wp-json\/wp\/v2\/comments?post=15597"}],"version-history":[{"count":4,"href":"https:\/\/www.grupguell.es\/en\/wp-json\/wp\/v2\/pages\/15597\/revisions"}],"predecessor-version":[{"id":20617,"href":"https:\/\/www.grupguell.es\/en\/wp-json\/wp\/v2\/pages\/15597\/revisions\/20617"}],"wp:attachment":[{"href":"https:\/\/www.grupguell.es\/en\/wp-json\/wp\/v2\/media?parent=15597"}],"curies":[{"name":"wp","href":"https:\/\/api.w.org\/{rel}","templated":true}]}}

<div class="wp-block-columns are-vertically-aligned-center is-layout-flex wp-container-core-columns-is-layout-9d6595d7 wp-block-columns-is-layout-flex">
<div class="wp-block-column is-vertically-aligned-center is-layout-flow wp-block-column-is-layout-flow">
<figure class="wp-block-image size-full"><img loading="lazy" decoding="async" width="768" height="735" src="https://www.grupguell.es/wp-content/uploads/2024/04/nuestra-historia.png" alt="" class="wp-image-317" srcset="https://www.grupguell.es/wp-content/uploads/2024/04/nuestra-historia.png 768w, https://www.grupguell.es/wp-content/uploads/2024/04/nuestra-historia-300x287.png 300w" sizes="auto, (max-width: 768px) 100vw, 768px" /></figure>
</div>



<div class="wp-block-column is-vertically-aligned-center is-layout-flow wp-block-column-is-layout-flow">
<h3 class="wp-block-heading">In 1974 a group of friends decided to set out on a march.</h3>



<p>On 17th July 1974, a group of friends decided to set out on a march from the now defunct Bar Güell to the Lluc Monastery to thank the Virgin venerated there &#8211; who is the patron saint of Mallorca &#8211; for the fact that a girl had escaped unharmed in an accident.</p>



<p>One day later, on 18 July 1974, the first march from Güell to Lluc on foot began, in which around thirty people took part.</p>
</div>
</div>



<div class="wp-block-columns are-vertically-aligned-center is-layout-flex wp-container-core-columns-is-layout-9d6595d7 wp-block-columns-is-layout-flex">
<div class="wp-block-column is-vertically-aligned-center is-layout-flow wp-block-column-is-layout-flow">
<h3 class="wp-block-heading">The most popular march in Mallorca.</h3>



<p>In the following five years it was repeated with hardly any increase in the number of walkers, but in 1980, thanks to the fact that the Balearic savings bank Sa Nostra sponsored the event and publicised it massively in the media, the number of participants increased considerably, progressively increasing each year until there are now thousands of people who walk it today.</p>



<p>On 6 August 1993, kilometre zero was inaugurated in front of the old Bar Güell. The ceremony was attended by the King and Queen of Spain, who gave the starting signal. Since then, it has become the most popular marxa in Mallorca.</p>
</div>



<div class="wp-block-column is-vertically-aligned-center is-layout-flow wp-block-column-is-layout-flow">
<figure class="wp-block-image size-full"><img loading="lazy" decoding="async" width="768" height="735" src="https://www.grupguell.es/wp-content/uploads/2024/04/voluntarios-1.png" alt="" class="wp-image-334" srcset="https://www.grupguell.es/wp-content/uploads/2024/04/voluntarios-1.png 768w, https://www.grupguell.es/wp-content/uploads/2024/04/voluntarios-1-300x287.png 300w" sizes="auto, (max-width: 768px) 100vw, 768px" /></figure>
</div>
</div>



<div class="wp-block-columns banner-voluntarios voluntarios-hero full-width is-layout-flex wp-container-core-columns-is-layout-9d6595d7 wp-block-columns-is-layout-flex">
<div class="wp-block-column content-center-wrapper is-layout-flow wp-block-column-is-layout-flow">
<h4 class="wp-block-heading text-subtitle">Súmate a este proyecto con más de 50 años de historia</h4>



<h3 class="wp-block-heading">Hazte voluntario</h3>



<p>Si estas interesado en ser voluntario. Escríbenos al correo con tu nombre y número de teléfono y te contactaremos para el voluntariado.</p>



<div class="wp-block-buttons is-layout-flex wp-block-buttons-is-layout-flex">
<div class="wp-block-button"><a class="wp-block-button__link wp-element-button" href="https://www.grupguell.es/voluntarios/">Quiero ser voluntario</a></div>
</div>
</div>
</div>



<div class="wp-block-columns is-layout-flex wp-container-core-columns-is-layout-9d6595d7 wp-block-columns-is-layout-flex">
<div class="wp-block-column is-layout-flow wp-block-column-is-layout-flow">
<h2 class="wp-block-heading has-text-align-center">Descubre todas nuestras novedades</h2>


<ul class="wp-block-latest-posts__list has-dates content-blog-list wp-block-latest-posts"><li><div class="wp-block-latest-posts__featured-image"><img loading="lazy" decoding="async" width="526" height="526" src="https://www.grupguell.es/wp-content/uploads/2025/06/voluntarios-apuntate.jpg" class="attachment-large size-large wp-post-image" alt="" style="" srcset="https://www.grupguell.es/wp-content/uploads/2025/06/voluntarios-apuntate.jpg 526w, https://www.grupguell.es/wp-content/uploads/2025/06/voluntarios-apuntate-300x300.jpg 300w, https://www.grupguell.es/wp-content/uploads/2025/06/voluntarios-apuntate-150x150.jpg 150w, https://www.grupguell.es/wp-content/uploads/2025/06/voluntarios-apuntate-100x100.jpg 100w" sizes="auto, (max-width: 526px) 100vw, 526px" /></div><a class="wp-block-latest-posts__post-title" href="https://www.grupguell.es/en/te-apuntas/">Te apuntas?</a><time datetime="2025-06-16T18:51:09+02:00" class="wp-block-latest-posts__post-date">16 de June de 2025</time><div class="wp-block-latest-posts__post-excerpt"></div></li>
<li><div class="wp-block-latest-posts__featured-image"><img loading="lazy" decoding="async" width="526" height="395" src="https://www.grupguell.es/wp-content/uploads/2025/06/RCDM-evento-el-16-junio-2025.jpg" class="attachment-large size-large wp-post-image" alt="" style="" srcset="https://www.grupguell.es/wp-content/uploads/2025/06/RCDM-evento-el-16-junio-2025.jpg 526w, https://www.grupguell.es/wp-content/uploads/2025/06/RCDM-evento-el-16-junio-2025-300x225.jpg 300w" sizes="auto, (max-width: 526px) 100vw, 526px" /></div><a class="wp-block-latest-posts__post-title" href="https://www.grupguell.es/en/proximo-18-de-junio/">Próximo 18 de Junio</a><time datetime="2025-06-16T18:49:27+02:00" class="wp-block-latest-posts__post-date">16 de June de 2025</time><div class="wp-block-latest-posts__post-excerpt"></div></li>
<li><div class="wp-block-latest-posts__featured-image"><img loading="lazy" decoding="async" width="526" height="526" src="https://www.grupguell.es/wp-content/uploads/2025/06/guella-lluc-a-peu.jpg" class="attachment-large size-large wp-post-image" alt="" style="" srcset="https://www.grupguell.es/wp-content/uploads/2025/06/guella-lluc-a-peu.jpg 526w, https://www.grupguell.es/wp-content/uploads/2025/06/guella-lluc-a-peu-300x300.jpg 300w, https://www.grupguell.es/wp-content/uploads/2025/06/guella-lluc-a-peu-150x150.jpg 150w, https://www.grupguell.es/wp-content/uploads/2025/06/guella-lluc-a-peu-100x100.jpg 100w" sizes="auto, (max-width: 526px) 100vw, 526px" /></div><a class="wp-block-latest-posts__post-title" href="https://www.grupguell.es/en/te-esperamos-del-guell-a-lluc-a-peu/">te esperamos del Güell a Lluc a peu</a><time datetime="2025-06-16T18:46:41+02:00" class="wp-block-latest-posts__post-date">16 de June de 2025</time><div class="wp-block-latest-posts__post-excerpt"></div></li>
<li><div class="wp-block-latest-posts__featured-image"><img loading="lazy" decoding="async" width="540" height="282" src="https://www.grupguell.es/wp-content/uploads/2025/06/canal-youtube.jpeg" class="attachment-large size-large wp-post-image" alt="" style="" srcset="https://www.grupguell.es/wp-content/uploads/2025/06/canal-youtube.jpeg 540w, https://www.grupguell.es/wp-content/uploads/2025/06/canal-youtube-300x157.jpeg 300w" sizes="auto, (max-width: 540px) 100vw, 540px" /></div><a class="wp-block-latest-posts__post-title" href="https://www.grupguell.es/en/visita-nuestro-canal-de-youtube/">Visita nuestro canal de youtube</a><time datetime="2025-06-16T18:44:56+02:00" class="wp-block-latest-posts__post-date">16 de June de 2025</time><div class="wp-block-latest-posts__post-excerpt"></div></li>
<li><div class="wp-block-latest-posts__featured-image"><img loading="lazy" decoding="async" width="526" height="526" src="https://www.grupguell.es/wp-content/uploads/2025/06/club-elsa-junio-2025.jpg" class="attachment-large size-large wp-post-image" alt="" style="" srcset="https://www.grupguell.es/wp-content/uploads/2025/06/club-elsa-junio-2025.jpg 526w, https://www.grupguell.es/wp-content/uploads/2025/06/club-elsa-junio-2025-300x300.jpg 300w, https://www.grupguell.es/wp-content/uploads/2025/06/club-elsa-junio-2025-150x150.jpg 150w, https://www.grupguell.es/wp-content/uploads/2025/06/club-elsa-junio-2025-100x100.jpg 100w" sizes="auto, (max-width: 526px) 100vw, 526px" /></div><a class="wp-block-latest-posts__post-title" href="https://www.grupguell.es/en/paella-solidaria-club-elsa/">Paella solidaria Club Elsa</a><time datetime="2025-06-16T18:42:28+02:00" class="wp-block-latest-posts__post-date">16 de June de 2025</time><div class="wp-block-latest-posts__post-excerpt"></div></li>
</ul></div>
</div>

<p>In 1974 a group of friends decided to set out on a march. On 17th July 1974, a group of friends decided to set out on a march from the now defunct Bar Güell to the Lluc Monastery to thank the Virgin venerated there &#8211; who is the patron saint of Mallorca &#8211; for the [&hellip;]</p>
